{"id":2526,"date":"2023-01-18T12:49:08","date_gmt":"2023-01-18T12:49:08","guid":{"rendered":"https:\/\/seguridad.servihostpy.com\/?page_id=2526"},"modified":"2026-04-09T15:01:30","modified_gmt":"2026-04-09T15:01:30","slug":"contacto-2","status":"publish","type":"page","link":"https:\/\/tapiti.com.py\/index.php\/contacto-2\/","title":{"rendered":"Contacto"},"content":{"rendered":"<div class=\"\" style=\"\" >\n    \n    <section class=\"skrollable u-align-center u-clearfix u-container-align-center u-grey-10 u-valign-middle-xl u-section-2\" id=\"carousel_b30c\">\n      <div class=\"data-layout-selected u-clearfix u-expanded-width u-grey-90 u-gutter-0 u-layout-wrap u-layout-wrap-1\">\n        <div class=\"u-layout\">\n          <div class=\"u-layout-col\">\n            <div class=\"u-size-30\">\n              <div class=\"u-layout-row\">\n                <div class=\"u-align-center u-container-align-center u-container-style u-grey-80 u-layout-cell u-left-cell u-size-20 u-layout-cell-1\" data-animation-name=\"customAnimationIn\" data-animation-duration=\"1000\">\n                  <div class=\"u-border-2 u-border-grey-75 u-container-layout u-container-layout-1\"><span class=\"u-icon u-icon-circle u-text-palette-3-base u-icon-1\" data-animation-name=\"pulse\" data-animation-duration=\"1000\" data-animation-direction=\"\"><svg class=\"u-svg-link\" preserveAspectRatio=\"xMidYMin slice\" viewBox=\"0 0 512 512\" style=\"\"><use xlink:href=\"#svg-800a\"><\/use><\/svg><svg class=\"u-svg-content\" viewBox=\"0 0 512 512\" x=\"0px\" y=\"0px\" id=\"svg-800a\" style=\"enable-background:new 0 0 512 512;\"><g><g><path d=\"M256,0C153.755,0,70.573,83.182,70.573,185.426c0,126.888,165.939,313.167,173.004,321.035    c6.636,7.391,18.222,7.378,24.846,0c7.065-7.868,173.004-194.147,173.004-321.035C441.425,83.182,358.244,0,256,0z M256,278.719    c-51.442,0-93.292-41.851-93.292-93.293S204.559,92.134,256,92.134s93.291,41.851,93.291,93.293S307.441,278.719,256,278.719z\"><\/path>\n<\/g>\n<\/g><\/svg><\/span>\n                    <h1 class=\"u-text u-text-palette-3-base u-text-1\">DIRECCI\u00d3<span style=\"font-weight: 700;\"><\/span>N \n                    <\/h1>\n                    <p class=\"u-text u-text-2\">Avda. Rosario e\/ Valeriano Bogar\u00edn,&nbsp;<br>Mora Cu\u00e9<br>Luque.\n                    <\/p>\n                  <\/div>\n                <\/div>\n                <div class=\"u-align-center u-container-style u-grey-80 u-layout-cell u-size-19 u-layout-cell-2\" data-animation-name=\"customAnimationIn\" data-animation-duration=\"1000\" data-animation-delay=\"0\">\n                  <div class=\"u-border-2 u-border-grey-75 u-container-layout u-container-layout-2\"><span class=\"u-icon u-icon-circle u-text-palette-3-base u-icon-2\" data-animation-name=\"pulse\" data-animation-duration=\"1000\" data-animation-direction=\"\" data-animation-delay=\"0\"><svg class=\"u-svg-link\" preserveAspectRatio=\"xMidYMin slice\" viewBox=\"0 0 384 384\" style=\"\"><use xlink:href=\"#svg-8072\"><\/use><\/svg><svg class=\"u-svg-content\" viewBox=\"0 0 384 384\" x=\"0px\" y=\"0px\" id=\"svg-8072\" style=\"enable-background:new 0 0 384 384;\"><g><g><path d=\"M353.188,252.052c-23.51,0-46.594-3.677-68.469-10.906c-10.719-3.656-23.896-0.302-30.438,6.417l-43.177,32.594    c-50.073-26.729-80.917-57.563-107.281-107.26l31.635-42.052c8.219-8.208,11.167-20.198,7.635-31.448    c-7.26-21.99-10.948-45.063-10.948-68.583C132.146,13.823,118.323,0,101.333,0H30.813C13.823,0,0,13.823,0,30.813    C0,225.563,158.438,384,353.188,384c16.99,0,30.813-13.823,30.813-30.813v-70.323C384,265.875,370.177,252.052,353.188,252.052z\"><\/path>\n<\/g>\n<\/g><\/svg><\/span>\n                    <h1 class=\"u-text u-text-palette-3-base u-text-3\" data-animation-name=\"\" data-animation-duration=\"0\" data-animation-delay=\"0\" data-animation-direction=\"\">TELEFONOS<\/h1>\n                    <p class=\"u-align-center u-text u-text-4\">021 648- 293<span style=\"font-weight: 700;\"><\/span>\n                    <\/p>\n                    <p class=\"u-align-center u-text u-text-5\">0983167-484<span style=\"font-weight: 700;\"><\/span>\n                    <\/p>\n                  <\/div>\n                <\/div>\n                <div class=\"u-align-center u-container-align-center u-container-style u-grey-75 u-layout-cell u-right-cell u-size-21 u-layout-cell-3\" data-animation-name=\"customAnimationIn\" data-animation-duration=\"1000\" data-animation-delay=\"0\">\n                  <div class=\"u-border-2 u-border-grey-75 u-container-layout u-container-layout-3\"><span class=\"u-align-center u-icon u-icon-circle u-text-palette-3-base u-icon-3\" data-animation-name=\"pulse\" data-animation-duration=\"1000\" data-animation-direction=\"\" data-animation-delay=\"0\"><svg class=\"u-svg-link\" preserveAspectRatio=\"xMidYMin slice\" viewBox=\"0 0 512 512\" style=\"\"><use xlink:href=\"#svg-2a41\"><\/use><\/svg><svg class=\"u-svg-content\" viewBox=\"0 0 512 512\" x=\"0px\" y=\"0px\" id=\"svg-2a41\" style=\"enable-background:new 0 0 512 512;\"><g><g><path d=\"M467,61H45c-6.927,0-13.412,1.703-19.279,4.51L255,294.789l51.389-49.387c0,0,0.004-0.005,0.005-0.007    c0.001-0.002,0.005-0.004,0.005-0.004L486.286,65.514C480.418,62.705,473.929,61,467,61z\"><\/path>\n<\/g>\n<\/g><g><g><path d=\"M507.496,86.728L338.213,256.002L507.49,425.279c2.807-5.867,4.51-12.352,4.51-19.279V106    C512,99.077,510.301,92.593,507.496,86.728z\"><\/path>\n<\/g>\n<\/g><g><g><path d=\"M4.51,86.721C1.703,92.588,0,99.073,0,106v300c0,6.923,1.701,13.409,4.506,19.274L173.789,256L4.51,86.721z\"><\/path>\n<\/g>\n<\/g><g><g><path d=\"M317.002,277.213l-51.396,49.393c-2.93,2.93-6.768,4.395-10.605,4.395s-7.676-1.465-10.605-4.395L195,277.211    L25.714,446.486C31.582,449.295,38.071,451,45,451h422c6.927,0,13.412-1.703,19.279-4.51L317.002,277.213z\"><\/path>\n<\/g>\n<\/g><\/svg><\/span>\n                    <h1 class=\"u-align-center u-text u-text-palette-3-base u-text-6\" data-animation-name=\"\" data-animation-duration=\"0\" data-animation-delay=\"0\" data-animation-direction=\"\">CORREO ELECTR\u00d3NICO<\/h1>\n                    <p class=\"u-align-center u-text u-text-7\">\n                      <a class=\"u-btn u-button-link u-button-style u-text-white u-btn-1\" href=\"mailto:info@tapiti.com.py\">info@tapiti.com.py<\/a>\n                      <br>\n                      <a href=\"mailto:recepcion@tapiti.com.py\" class=\"u-btn u-button-link u-button-style u-text-white u-btn-2\">recepcion@tapiti.com.py<\/a>\n                    <\/p>\n                    <a href=\"mailto:comercial@tapiti.com.py\" class=\"u-btn u-button-link u-button-style u-text-white u-btn-3\">comercial@tapiti.com.py<\/a>\n                  <\/div>\n                <\/div>\n              <\/div>\n            <\/div>\n            <div class=\"u-size-30\">\n              <div class=\"u-layout-row\">\n                <div class=\"u-size-30\">\n                  <div class=\"u-layout-col\">\n                    <div class=\"u-container-style u-grey-5 u-layout-cell u-left-cell u-size-60 u-layout-cell-4\">\n                      <div class=\"u-border-2 u-border-grey-75 u-container-layout u-container-layout-4\">\n                        <h3 class=\"u-align-center u-text u-text-custom-color-3 u-text-default u-text-8\">ENV\u00cdANOS tus Datos&nbsp;<\/h3>\n                        <h6 class=\"u-align-center u-text u-text-grey-80 u-text-9\">Un asesor se contactara con usted.<\/h6>\n                        <div class=\"u-align-center u-form u-form-1\">\n                          <form action=\"https:\/\/tapiti.com.py\/wp-content\/plugins\/nicepage\/templates\/form.php?id=2526&formId=7656-carousel_b30c\" class=\"u-clearfix u-form-spacing-10 u-form-vertical u-inner-form\" style=\"padding: 0;\" source=\"customphp\" name=\"form\">\n                            <div class=\"u-form-group u-form-name\">\n                              <label for=\"name-3d90\" class=\"u-label\">Nombre y Apellido<\/label>\n                              <input type=\"text\" placeholder=\"Nombre y Apellido\" id=\"name-3d90\" name=\"name\" class=\"u-input u-input-rectangle\" required=\"\">\n                            <\/div>\n                            <div class=\"u-form-email u-form-group\">\n                              <label for=\"email-3d90\" class=\"u-label\">Email<\/label>\n                              <input type=\"email\" placeholder=\"Correo Electronico\" id=\"email-3d90\" name=\"email\" class=\"u-input u-input-rectangle\" required=\"\">\n                            <\/div>\n                            <div class=\"u-form-group u-form-message\">\n                              <label for=\"message-3d90\" class=\"u-label\">Mensaje<\/label>\n                              <textarea placeholder=\"Su Mensaje\" rows=\"4\" cols=\"50\" id=\"message-3d90\" name=\"message\" class=\"u-input u-input-rectangle\" required=\"\"><\/textarea>\n                            <\/div>\n                            <div class=\"u-align-center u-form-group u-form-submit\">\n                              <a href=\"#\" class=\"u-active-custom-color-5 u-border-none u-btn u-btn-submit u-button-style u-hover-palette-4-base u-palette-3-base u-btn-4\"><span class=\"u-icon\"><svg class=\"u-svg-content\" viewBox=\"0 0 512 512\" x=\"0px\" y=\"0px\" style=\"width: 1em; height: 1em;\"><path d=\"m19.98,200.65909l180.67121,0l55.82879,-171.63684l55.82883,171.63684l180.67118,0l-146.16581,106.07619l55.83168,171.63684l-146.16587,-106.07908l-146.16584,106.07908l55.8317,-171.63684l-146.16586,-106.07619z\"><\/path><\/svg><\/span>&nbsp;Enviar<br>\n                              <\/a>\n                              <input type=\"submit\" value=\"submit\" class=\"u-form-control-hidden\">\n                            <\/div>\n                            <div class=\"u-form-send-message u-form-send-success\">Su mensaje fue enviado con exito..<\/div>\n                            <div class=\"u-form-send-error u-form-send-message\">No se pudo enviar su mensaje. Corrija los errores e int\u00e9ntelo de nuevo.<\/div>\n                            <input type=\"hidden\" value=\"\" name=\"recaptchaResponse\">\n                          <\/form>\n                        <\/div>\n                      <\/div>\n                    <\/div>\n                  <\/div>\n                <\/div>\n                <div class=\"u-size-30\">\n                  <div class=\"u-layout-col\">\n                    <div class=\"u-container-style u-grey-5 u-layout-cell u-right-cell u-size-60 u-layout-cell-5\">\n                      <div class=\"u-border-2 u-border-grey-75 u-container-layout u-container-layout-5\">\n                        <h3 class=\"u-align-center u-text u-text-custom-color-3 u-text-default u-text-10\">nUESTRA UBICACI\u00d3N<\/h3>\n                        <h6 class=\"u-align-center u-text u-text-11\"><span style=\"font-weight: 700;\">Horario de \u200bAtenci\u00f3n<\/span>\n                          <br><span class=\"u-text-black\">Lunes a viernes 7:00 a 18:30hs<br>S\u00c1BADOS de 7:00 a 12:00 hs<\/span>\n                        <\/h6>\n                        <div class=\"u-align-center u-grey-light-2 u-map u-map-1\">\n                          <div class=\"embed-responsive\">\n                            <iframe class=\"embed-responsive-item\" src=\"\/\/maps.google.com\/maps?output=embed&amp;q=tapiti&amp;z=18&amp;t=k\" data-map=\"JTdCJTIyYWRkcmVzcyUyMiUzQSUyMnRhcGl0aSUyMiUyQyUyMnpvb20lMjIlM0ExOCUyQyUyMnR5cGVJZCUyMiUzQSUyMnNhdGVsbGl0ZSUyMiUyQyUyMmxhbmclMjIlM0ElMjIlMjIlN0Q=\"><\/iframe>\n                          <\/div>\n                        <\/div>\n                      <\/div>\n                    <\/div>\n                  <\/div>\n                <\/div>\n              <\/div>\n            <\/div>\n          <\/div>\n        <\/div>\n      <\/div>\n    <\/section>\n    \n    \n    \n    \n    \n    \n    \n    \n    \n    \n    \n    \n    \n    \n  \n<\/div>","protected":false},"excerpt":{"rendered":"<p>DIRECCI\u00d3N Avda. Rosario e\/ Valeriano Bogar\u00edn,&nbsp;Mora Cu\u00e9Luque. TELEFONOS 021 648- 293 0983167-484 CORREO ELECTR\u00d3NICO info@tapiti.com.py recepcion@tapiti.com.py comercial@tapiti.com.py ENV\u00cdANOS tus Datos&nbsp; Un asesor se contactara con usted. Nombre y Apellido Email Mensaje &nbsp;Enviar Su mensaje fue enviado con exito.. No se pudo enviar su mensaje. Corrija los errores e int\u00e9ntelo de nuevo. nUESTRA UBICACI\u00d3N Horario de [&hellip;]<\/p>\n","protected":false},"author":1,"featured_media":0,"parent":0,"menu_order":0,"comment_status":"closed","ping_status":"closed","template":"full-width.php","meta":[],"_links":{"self":[{"href":"https:\/\/tapiti.com.py\/index.php\/wp-json\/wp\/v2\/pages\/2526"}],"collection":[{"href":"https:\/\/tapiti.com.py\/index.php\/wp-json\/wp\/v2\/pages"}],"about":[{"href":"https:\/\/tapiti.com.py\/index.php\/wp-json\/wp\/v2\/types\/page"}],"author":[{"embeddable":true,"href":"https:\/\/tapiti.com.py\/index.php\/wp-json\/wp\/v2\/users\/1"}],"replies":[{"embeddable":true,"href":"https:\/\/tapiti.com.py\/index.php\/wp-json\/wp\/v2\/comments?post=2526"}],"version-history":[{"count":13,"href":"https:\/\/tapiti.com.py\/index.php\/wp-json\/wp\/v2\/pages\/2526\/revisions"}],"predecessor-version":[{"id":3119,"href":"https:\/\/tapiti.com.py\/index.php\/wp-json\/wp\/v2\/pages\/2526\/revisions\/3119"}],"wp:attachment":[{"href":"https:\/\/tapiti.com.py\/index.php\/wp-json\/wp\/v2\/media?parent=2526"}],"curies":[{"name":"wp","href":"https:\/\/api.w.org\/{rel}","templated":true}]}}