{"id":2148,"date":"2022-11-26T10:13:24","date_gmt":"2022-11-26T10:13:24","guid":{"rendered":"https:\/\/seguridad.servihostpy.com\/?page_id=2148"},"modified":"2026-04-08T11:07:16","modified_gmt":"2026-04-08T11:07:16","slug":"servicios","status":"publish","type":"page","link":"https:\/\/tapiti.com.py\/index.php\/servicios\/","title":{"rendered":"SERVICIOS"},"content":{"rendered":"<div class=\"\" style=\"\" >\n    \n    <section class=\"u-clearfix u-grey-10 u-section-2\" id=\"carousel_7440\">\n      <div class=\"u-clearfix u-sheet u-valign-bottom u-sheet-1\">\n        <h2 class=\"u-align-center-sm u-align-center-xs u-align-left-lg u-align-left-md u-align-left-xl u-text u-text-custom-color-4 u-text-1\">Servicios que Ofrecemos<\/h2>\n        <p class=\"u-align-center u-large-text u-text u-text-variant u-text-2\">CONTAMOS CON PERSONAL ALTAMENTE CALIF\u200bICADO, DESTAC\u200bADO POR EL PROFESIONALISMO Y COMPETENCIA\u200bS DE QUIENES CONFORMAN LA ORGANIZACI\u00d3N, GARANTIZANDO A N\u200bUESTROS CLIENTES LA EXCELENCIA DE NUESTROS SERVICIOS.<\/p>\n        <div class=\"u-expanded-width u-list u-list-1\">\n          <div class=\"u-repeater u-repeater-1\">\n            <div class=\"u-container-style u-image u-list-item u-repeater-item u-shading u-image-1\" data-image-width=\"322\" data-image-height=\"216\" style=\"background-image: linear-gradient(0deg, rgba(0, 0, 0, 0.25), rgba(0, 0, 0, 0.25)), url(&quot;https:\/\/tapiti.com.py\/wp-content\/uploads\/2023\/01\/PROTECCIONAINSTALACIONES.png&quot;);\">\n              <div class=\"u-container-layout u-similar-container u-container-layout-1\">\n                <div class=\"u-black u-container-align-center-xl u-container-style u-dialog-link u-expanded-width u-group u-opacity u-opacity-60 u-group-1\" data-href=\"#sec-4e01\" title=\"Bloque 6 (\u200bProtecci\u00f3n a Instalacion\u200bes)\">\n                  <div class=\"u-container-layout u-valign-middle u-container-layout-2\">\n                    <h2 class=\"u-align-center u-text u-text-grey-5 u-text-3\">Protecci\u00f3n a Instalaciones<\/h2>\n                  <\/div>\n                <\/div>\n                <a href=\"#sec-4e01\" class=\"u-align-center u-btn u-btn-round u-button-style u-dialog-link u-hover-palette-4-base u-palette-3-base u-radius-50 u-btn-1\"> &nbsp;ver mas<\/a>\n              <\/div>\n            <\/div>\n            <div class=\"u-container-style u-image u-list-item u-repeater-item u-shading u-image-2\" data-image-width=\"1024\" data-image-height=\"576\" style=\"background-image: linear-gradient(0deg, rgba(0, 0, 0, 0.25), rgba(0, 0, 0, 0.25)), url(&quot;https:\/\/tapiti.com.py\/wp-content\/uploads\/2023\/01\/LIMPIEZAYDESGASIFICACIONDEEMBARCACIONES.jpeg&quot;);\">\n              <div class=\"u-container-layout u-similar-container u-container-layout-3\">\n                <div class=\"u-black u-container-align-center u-container-style u-dialog-link u-expanded-width u-group u-opacity u-opacity-60 u-group-2\" data-href=\"#sec-be05\" title=\"Bloque 2\">\n                  <div class=\"u-container-layout u-valign-middle u-container-layout-4\">\n                    <h2 class=\"u-align-center u-text u-text-grey-5 u-text-4\">Limpieza y Des-gasificaci\u00f3n de Embarcaciones<\/h2>\n                  <\/div>\n                <\/div>\n                <a href=\"#sec-be05\" class=\"u-align-center u-btn u-btn-round u-button-style u-dialog-link u-hover-palette-4-base u-palette-3-base u-radius-50 u-btn-2\"> &nbsp;ver mas<\/a>\n              <\/div>\n            <\/div>\n            <div class=\"u-container-style u-image u-list-item u-repeater-item u-shading u-image-3\" data-image-width=\"2048\" data-image-height=\"916\" style=\"background-image: linear-gradient(0deg, rgba(0, 0, 0, 0.25), rgba(0, 0, 0, 0.25)), url(&quot;https:\/\/tapiti.com.py\/wp-content\/uploads\/2023\/01\/ESCOLTADEMERCADERIAENTRANSITO2.jpg&quot;);\">\n              <div class=\"u-container-layout u-similar-container u-container-layout-5\">\n                <div class=\"u-black u-container-align-center u-container-style u-dialog-link u-expanded-width u-group u-opacity u-opacity-60 u-group-3\" data-href=\"#sec-ea86\" title=\"Bloque 7 (Escolta de Mercader\u00eda en Transito)\">\n                  <div class=\"u-container-layout u-valign-middle u-container-layout-6\">\n                    <h2 class=\"u-align-center u-text u-text-grey-5 u-text-5\">Escolta de Mercader\u00eda en Tr\u00e1nsito<\/h2>\n                  <\/div>\n                <\/div>\n                <a href=\"#sec-ea86\" class=\"u-align-center u-btn u-btn-round u-button-style u-dialog-link u-hover-palette-4-base u-palette-3-base u-radius-50 u-btn-3\"> &nbsp;ver mas<\/a>\n              <\/div>\n            <\/div>\n            <div class=\"u-container-style u-image u-list-item u-repeater-item u-shading u-image-4\" data-image-width=\"236\" data-image-height=\"236\" style=\"background-image: linear-gradient(0deg, rgba(0, 0, 0, 0.25), rgba(0, 0, 0, 0.25)), url(&quot;https:\/\/tapiti.com.py\/wp-content\/uploads\/2023\/01\/PROTECIONAPERSONASCUSTODIO.jpg&quot;);\">\n              <div class=\"u-container-layout u-similar-container u-container-layout-7\">\n                <div class=\"u-black u-container-align-center u-container-style u-dialog-link u-expanded-width u-group u-opacity u-opacity-60 u-group-4\" data-href=\"#sec-8462\" title=\"Bloque 12 (COBERTURA)\">\n                  <div class=\"u-container-layout u-valign-middle u-container-layout-8\">\n                    <h2 class=\"u-align-center u-text u-text-grey-5 u-text-6\">Protecci\u00f3n a personas (custodio)<\/h2>\n                  <\/div>\n                <\/div>\n                <a href=\"#sec-8462\" class=\"u-align-center u-btn u-btn-round u-button-style u-dialog-link u-hover-palette-4-base u-palette-3-base u-radius-50 u-btn-4\"> &nbsp;ver mas<\/a>\n              <\/div>\n            <\/div>\n            <div class=\"u-container-style u-image u-list-item u-repeater-item u-shading u-image-5\" data-image-width=\"960\" data-image-height=\"640\" style=\"background-image: linear-gradient(0deg, rgba(0, 0, 0, 0.25), rgba(0, 0, 0, 0.25)), url(&quot;https:\/\/tapiti.com.py\/wp-content\/uploads\/2023\/01\/FORMACINEAGENTESDESEGURIDAD.jpg&quot;);\">\n              <div class=\"u-container-layout u-similar-container u-container-layout-9\">\n                <div class=\"u-black u-container-align-center u-container-style u-dialog-link u-expanded-width u-group u-opacity u-opacity-60 u-group-5\" data-href=\"#sec-ea6a\" title=\"Bloque 9 (Formaci\u00f3n Agentes de Seguridad)\">\n                  <div class=\"u-container-layout u-valign-middle u-container-layout-10\">\n                    <h2 class=\"u-align-center u-text u-text-grey-5 u-text-7\">Formaci\u00f3n de Agentes de Seguridad<\/h2>\n                  <\/div>\n                <\/div>\n                <a href=\"#sec-ea6a\" class=\"u-align-center u-btn u-btn-round u-button-style u-dialog-link u-hover-palette-4-base u-palette-3-base u-radius-50 u-btn-5\"> &nbsp;ver mas<\/a>\n              <\/div>\n            <\/div>\n            <div class=\"u-container-style u-image u-list-item u-repeater-item u-shading u-image-6\" data-image-width=\"755\" data-image-height=\"893\" style=\"background-image: linear-gradient(0deg, rgba(0, 0, 0, 0.25), rgba(0, 0, 0, 0.25)), url(&quot;https:\/\/tapiti.com.py\/wp-content\/uploads\/2023\/01\/serenaje.png&quot;);\">\n              <div class=\"u-container-layout u-similar-container u-container-layout-11\">\n                <div class=\"u-black u-container-align-center u-container-style u-dialog-link u-expanded-width u-group u-opacity u-opacity-60 u-group-6\" data-href=\"#sec-345c\" title=\"Bloque 10 (\u200bSerenaje y Verificaci\u00f3n de Embarcaciones)\">\n                  <div class=\"u-container-layout u-valign-middle u-container-layout-12\">\n                    <h2 class=\"u-align-center u-text u-text-grey-5 u-text-8\">Serenaje y Verificaci\u00f3n de Embarcaciones<\/h2>\n                  <\/div>\n                <\/div>\n                <a href=\"#sec-345c\" class=\"u-align-center u-btn u-btn-round u-button-style u-dialog-link u-hover-palette-4-base u-palette-3-base u-radius-50 u-btn-6\"> &nbsp;ver mas<\/a>\n              <\/div>\n            <\/div>\n            <div class=\"u-container-style u-image u-list-item u-repeater-item u-shading u-image-7\" data-image-width=\"600\" data-image-height=\"399\" style=\"background-image: linear-gradient(0deg, rgba(0, 0, 0, 0.25), rgba(0, 0, 0, 0.25)), url(&quot;https:\/\/tapiti.com.py\/wp-content\/uploads\/2023\/01\/GESTIONDOCUMENTAL-1.jpg&quot;);\">\n              <div class=\"u-container-layout u-similar-container u-container-layout-13\">\n                <div class=\"u-black u-container-align-center u-container-style u-dialog-link u-expanded-width u-group u-opacity u-opacity-60 u-group-7\" data-href=\"#sec-414c\" title=\"Bloque 8 (\u200bGesti\u00f3n Documental)\">\n                  <div class=\"u-container-layout u-valign-middle u-container-layout-14\">\n                    <h2 class=\"u-align-center u-text u-text-grey-5 u-text-9\">Gesti\u00f3n Documental<\/h2>\n                  <\/div>\n                <\/div>\n                <a href=\"#sec-414c\" class=\"u-align-center u-btn u-btn-round u-button-style u-dialog-link u-hover-palette-4-base u-palette-3-base u-radius-50 u-btn-7\"> &nbsp;ver mas<\/a>\n              <\/div>\n            <\/div>\n            <div class=\"u-container-style u-image u-list-item u-repeater-item u-shading u-image-8\" data-image-width=\"312\" data-image-height=\"162\" style=\"background-image: linear-gradient(0deg, rgba(0, 0, 0, 0.25), rgba(0, 0, 0, 0.25)), url(&quot;https:\/\/tapiti.com.py\/wp-content\/uploads\/2023\/01\/WhatsAppImage2022-09-20at10.50.16.jpeg&quot;);\">\n              <div class=\"u-container-layout u-similar-container u-container-layout-15\">\n                <div class=\"u-black u-container-align-center u-container-style u-dialog-link u-expanded-width u-group u-opacity u-opacity-60 u-group-8\" data-href=\"#sec-c7c9\" title=\"Bloque 11 (Seguridad Electr\u00f3nica)\">\n                  <div class=\"u-container-layout u-valign-middle u-container-layout-16\">\n                    <h2 class=\"u-align-center u-text u-text-grey-5 u-text-10\">Seguridad Electr\u00f3nica<\/h2>\n                  <\/div>\n                <\/div>\n                <a href=\"https:\/\/ultraweb.global\/tapiti\/\" class=\"u-align-center u-btn u-btn-round u-button-style u-hover-palette-4-base u-palette-3-base u-radius-50 u-btn-8\" target=\"_blank\"> &nbsp;ver mas<\/a>\n              <\/div>\n            <\/div>\n          <\/div>\n        <\/div>\n      <\/div>\n    <\/section>\n    <section class=\"u-align-center u-clearfix u-container-align-center u-grey-10 u-section-3\" id=\"sec-ab02\">\n      <div class=\"u-clearfix u-sheet u-sheet-1\">\n        <h1 class=\"u-text u-text-custom-color-4 u-text-default-xl u-text-1\">Nuestras coberturas<\/h1>\n        <div class=\"u-clearfix u-expanded-width u-gutter-0 u-layout-wrap u-layout-wrap-1\">\n          <div class=\"u-layout\" style=\"\">\n            <div class=\"u-layout-row\" style=\"\">\n              <div class=\"u-align-left u-container-align-left u-container-style u-layout-cell u-left-cell u-shape-rectangle u-size-30 u-size-xs-60 u-layout-cell-1\" src=\"\">\n                <div class=\"u-container-layout u-valign-top-xl u-container-layout-1\" src=\"\">\n                  <img class=\"u-absolute-hcenter-lg u-absolute-hcenter-md u-absolute-hcenter-sm u-absolute-hcenter-xs u-expanded u-image u-image-contain u-image-default\" src=\"https:\/\/tapiti.com.py\/wp-content\/uploads\/2023\/01\/screenshot-16-604x532-1.png\" alt=\"\" data-image-width=\"604\" data-image-height=\"532\">\n                <\/div>\n              <\/div>\n              <div class=\"u-align-left u-container-align-left u-container-style u-custom-color-3 u-layout-cell u-right-cell u-size-30 u-size-xs-60 u-layout-cell-2\">\n                <div class=\"u-container-layout u-container-layout-2\">\n                  <h2 class=\"u-align-center-sm u-align-center-xs u-text u-text-default u-text-grey-5 u-text-2\">COBERT\u200b\u200bURA<\/h2>\n                  <h2 class=\"u-align-center-sm u-align-center-xs u-text u-text-grey-5 u-text-3\">1. Concepci\u00f3n<br>2. Pedro Juan Caballero<br>3. Coronel Oviedo<br>4. Ciudad del Este<br>5. Luque<br>6. Asunci\u00f3n<br>7. Gran Asunci\u00f3n<br>8. San Pedro<br>9. San Ignacio Misiones<br>10. Itapua<br>11. Encarnaci\u00f3n<br>12. Pilar<br>13. Monte lindo (chaco)<br>14. Villa rica<br>15. Caazap\u00e1<br>16. Ypane\n                  <\/h2>\n                <\/div>\n              <\/div>\n            <\/div>\n          <\/div>\n        <\/div>\n      <\/div>\n    <\/section>\n    \n    \n    \n    \n    \n    \n    \n    \n    \n    \n    \n    \n    \n    \n  \n<\/div>","protected":false},"excerpt":{"rendered":"<p>Servicios que Ofrecemos CONTAMOS CON PERSONAL ALTAMENTE CALIF\u200bICADO, DESTAC\u200bADO POR EL PROFESIONALISMO Y COMPETENCIA\u200bS DE QUIENES CONFORMAN LA ORGANIZACI\u00d3N, GARANTIZANDO A N\u200bUESTROS CLIENTES LA EXCELENCIA DE NUESTROS SERVICIOS. Protecci\u00f3n a Instalaciones &nbsp;ver mas Limpieza y Des-gasificaci\u00f3n de Embarcaciones &nbsp;ver mas Escolta de Mercader\u00eda en Tr\u00e1nsito &nbsp;ver mas Protecci\u00f3n a personas (custodio) &nbsp;ver mas Formaci\u00f3n de [&hellip;]<\/p>\n","protected":false},"author":1,"featured_media":0,"parent":0,"menu_order":0,"comment_status":"closed","ping_status":"closed","template":"","meta":[],"_links":{"self":[{"href":"https:\/\/tapiti.com.py\/index.php\/wp-json\/wp\/v2\/pages\/2148"}],"collection":[{"href":"https:\/\/tapiti.com.py\/index.php\/wp-json\/wp\/v2\/pages"}],"about":[{"href":"https:\/\/tapiti.com.py\/index.php\/wp-json\/wp\/v2\/types\/page"}],"author":[{"embeddable":true,"href":"https:\/\/tapiti.com.py\/index.php\/wp-json\/wp\/v2\/users\/1"}],"replies":[{"embeddable":true,"href":"https:\/\/tapiti.com.py\/index.php\/wp-json\/wp\/v2\/comments?post=2148"}],"version-history":[{"count":24,"href":"https:\/\/tapiti.com.py\/index.php\/wp-json\/wp\/v2\/pages\/2148\/revisions"}],"predecessor-version":[{"id":3046,"href":"https:\/\/tapiti.com.py\/index.php\/wp-json\/wp\/v2\/pages\/2148\/revisions\/3046"}],"wp:attachment":[{"href":"https:\/\/tapiti.com.py\/index.php\/wp-json\/wp\/v2\/media?parent=2148"}],"curies":[{"name":"wp","href":"https:\/\/api.w.org\/{rel}","templated":true}]}}